 is the remainder when 2946 is divided by 25?
21
Calculate the remainder when 78 is divided by 24.
6
Calculate the remainder when 973 is divided by 39.
37
What is the remainder when 658 is divided by 36?
10
What is the remainder when 703 is divided by 88?
87
Calculate the remainder when 1436 is divided by 17.
8
Calculate the remainder when 122 is divided by 67.
55
Calculate the remainder when 664 is divided by 122.
54
What is the remainder when 673 is divided by 68?
61
Calculate the remainder when 695 is divided by 83.
31
What is the remainder when 689 is divided by 227?
8
What is the remainder when 224 is divided by 46?
40
What is the remainder when 556 is divided by 70?
66
What is the remainder when 232 is divided by 120?
112
Calculate the remainder when 333 is divided by 95.
48
Calculate the remainder when 990 is divided by 77.
66
What is the remainder when 222 is divided by 28?
26
What is the remainder when 9542 is divided by 23?
20
Calculate the remainder when 746 is divided by 84.
74
Calculate the remainder when 218 is divided by 104.
10
Calculate the remainder when 351 is divided by 87.
3
Calculate the remainder when 825 is divided by 819.
6
What is the remainder when 115 is divided by 17?
13
What is the remainder when 1604 is divided by 161?
155
What is the remainder when 4329 is divided by 114?
111
Calculate the remainder when 1746 is divided by 39.
30
What is the remainder when 150 is divided by 76?
74
Calculate the remainder when 66 is divided by 30.
6
What is the remainder when 3801 is divided by 131?
2
Calculate the remainder when 1439 is divided by 30.
29
What is the remainder when 26709 is divided by 10?
9
Calculate the remainder when 5267 is divided by 31.
28
Calculate the remainder when 12 is divided by 6.
0
Calculate the remainder when 1159 is divided by 27.
25
Calculate the remainder when 907 is divided by 12.
7
Calculate the remainder when 823 is divided by 14.
11
What is the remainder when 285 is divided by 100?
85
Calculate the remainder when 326 is divided by 21.
11
Calculate the remainder when 1859 is divided by 41.
14
Calculate the remainder when 815 is divided by 91.
87
Calculate the remainder when 2980 is divided by 425.
5
What is the remainder when 8068 is divided by 23?
18
What is the remainder when 348 is divided by 45?
33
What is the remainder when 500 is divided by 21?
17
What is the remainder when 1251 is divided by 137?
18
What is the remainder when 580 is divided by 186?
22
What is the remainder when 42 is divided by 21?
0
Calculate the remainder when 125 is divided by 58.
9
Calculate the remainder when 276 is divided by 92.
0
What is the remainder when 1159 is divided by 39?
28
What is the remainder when 37 is divided by 31?
6
What is the remainder when 2498 is divided by 88?
34
What is the remainder when 108 is divided by 22?
20
Calculate the remainder when 431 is divided by 32.
15
What is the remainder when 376 is divided by 76?
72
What is the remainder when 1409 is divided by 575?
259
Calculate the remainder when 141 is divided by 62.
17
Calculate the remainder when 224 is divided by 23.
17
What is the remainder when 97 is divided by 9?
7
What is the remainder when 398 is divided by 10?
8
What is the remainder when 701 is divided by 44?
41
What is the remainder when 2702 is divided by 5?
2
What is the remainder when 695 is divided by 34?
15
What is the remainder when 488 is divided by 159?
11
Calculate the remainder when 757 is divided by 59.
49
What is the remainder when 3625 is divided by 31?
29
What is the remainder when 323 is divided by 65?
63
Calculate the remainder when 479 is divided by 12.
11
Calculate the remainder when 42 is divided by 20.
2
What is the remainder when 9165 is divided by 12?
9
What is the remainder when 302 is divided by 116?
70
What is the remainder when 130 is divided by 23?
15
What is the remainder when 1456 is divided by 27?
25
What is the remainder when 122 is divided by 11?
1
Calculate the remainder when 511 is divided by 57.
55
Calculate the remainder when 309 is divided by 53.
44
Calculate the remainder when 29 is divided by 26.
3
Calculate the remainder when 81 is divided by 17.
13
What is the remainder when 15464 is divided by 74?
72
What is the remainder when 553 is divided by 184?
1
What is the remainder when 3508 is divided by 30?
28
Calculate the remainder when 151 is divided by 11.
8
What is the remainder when 771 is divided by 129?
126
Calculate the remainder when 117 is divided by 30.
27
Calculate the remainder when 82 is divided by 28.
26
Calculate the remainder when 1148 is divided by 46.
44
What is the remainder when 183 is divided by 47?
42
What is the remainder when 5860 is divided by 7?
1
Calculate the remainder when 173 is divided by 12.
5
What is the remainder when 10712 is divided by 47?
43
Calculate the remainder when 262 is divided by 56.
38
Calculate the remainder when 11 is divided by 5.
1
Calculate the remainder when 87 is divided by 31.
25
Calculate the remainder when 9289 is divided by 23.
20
Calculate the remainder when 2493 is divided by 96.
93
Calculate the remainder when 239 is divided by 41.
34
What is the remainder when 163 is divided by 41?
40
What is the remainder when 90 is divided by 64?
26
Calculate the remainder when 85 is divided by 23.
16
What is the remainder when 626 is divided by 79?
73
Calculate the remainder when 462 is divided by 26.
20
What is the remainder when 243 is divided by 19?
15
What is the remainder when 2039 is divided by 677?
8
What is the remainder when 9040 is divided by 335?
330
What is the remainder when 1166 is divided by 552?
62
Calculate the remainder when 6174 is divided by 37.
32
What is the remainder when 144 is divided by 73?
71
Calculate the remainder when 70 is divided by 39.
31
What is the remainder when 1661 is divided by 207?
5
What is the remainder when 116 is divided by 33?
17
What is the remainder when 437 is divided by 152?
133
What is the remainder when 14 is divided by 4?
2
What is the remainder when 88 is divided by 7?
4
What is the remainder when 424 is divided by 22?
6
What is the remainder when 362 is divided by 28?
26
What is the remainder when 306 is divided by 9?
0
What is the remainder when 848 is divided by 119?
15
Calculate the remainder when 2097 is divided by 35.
32
What is the remainder when 1720 is divided by 42?
40
Calculate the remainder when 745 is divided by 83.
81
Calculate the remainder when 312 is divided by 85.
57
Calculate the remainder when 131 is divided by 22.
21
Calculate the remainder when 2732 is divided by 152.
148
What is the remainder when 61557 is divided by 81?
78
What is the remainder when 97 is divided by 22?
9
Calculate the remainder when 9673 is divided by 41.
38
What is the remainder when 572 is divided by 16?
12
What is the remainder when 386 is divided by 7?
1
Calculate the remainder when 3348 is divided by 38.
4
What is the remainder when 244 is divided by 49?
48
What is the remainder when 404 is divided by 51?
47
Calculate the remainder when 123 is divided by 5.
3
Calculate the remainder when 12 is divided by 4.
0
Calculate the remainder when 386 is divided by 102.
80
Calculate the remainder when 206 is divided by 66.
8
What is the remainder when 1215 is divided by 606?
3
What is the remainder when 7473 is divided by 187?
180
What is the remainder when 139 is divided by 54?
31
Calculate the remainder when 87 is divided by 18.
15
Calculate the remainder when 234 is divided by 61.
51
What is the remainder when 4647 is divided by 1548?
3
What is the remainder when 531 is divided by 28?
27
What is the remainder when 2478 is divided by 12?
6
Calculate the remainder when 432 is divided by 87.
84
Calculate the remainder when 287 is divided by 24.
23
Calculate the remainder when 145 is divided by 48.
1
What is the remainder when 263 is divided by 47?
28
What is the remainder when 177 is divided by 15?
12
What is the remainder when 25565 is divided by 8?
5
Calculate the remainder when 100 is divided by 49.
2
What is the remainder when 434 is divided by 15?
14
What is the remainder when 1957 is divided by 279?
4
What is the remainder when 2958 is divided by 10?
8
What is the remainder when 44 is divided by 25?
19
What is the remainder when 254 is divided b